{"id":479,"date":"2024-03-11T14:00:12","date_gmt":"2024-03-11T14:00:12","guid":{"rendered":"https:\/\/www.bakirsanbarbeku.com\/?page_id=479"},"modified":"2024-03-20T10:51:36","modified_gmt":"2024-03-20T10:51:36","slug":"bakir-serisi-masa-takimlari","status":"publish","type":"page","link":"https:\/\/www.bakirsanbarbeku.com\/index.php\/bakir-serisi-masa-takimlari\/","title":{"rendered":"Bak\u0131r Serisi Masa Tak\u0131mlar\u0131"},"content":{"rendered":"\t\t<div data-elementor-type=\"wp-page\" data-elementor-id=\"479\" class=\"elementor elementor-479\" data-elementor-post-type=\"page\">\n\t\t\t\t<div class=\"elementor-element elementor-element-e61d500 e-flex e-con-boxed e-con e-parent\" data-id=\"e61d500\" data-element_type=\"container\" data-e-type=\"container\" data-settings=\"{&quot;background_background&quot;:&quot;classic&quot;}\">\n\t\t\t\t\t<div class=\"e-con-inner\">\n\t\t\t\t<div class=\"elementor-element elementor-element-528757f elementor-widget elementor-widget-heading\" data-id=\"528757f\" data-element_type=\"widget\" data-e-type=\"widget\" data-widget_type=\"heading.default\">\n\t\t\t\t<div class=\"elementor-widget-container\">\n\t\t\t\t\t<h2 class=\"elementor-heading-title elementor-size-default\">Bak\u0131r Serisi Masa Tak\u0131mlar\u0131<\/h2>\t\t\t\t<\/div>\n\t\t\t\t<\/div>\n\t\t\t\t\t<\/div>\n\t\t\t\t<\/div>\n\t\t<div class=\"elementor-element elementor-element-9b7718c e-flex e-con-boxed e-con e-parent\" data-id=\"9b7718c\" data-element_type=\"container\" data-e-type=\"container\">\n\t\t\t\t\t<div class=\"e-con-inner\">\n\t\t\t\t<div class=\"elementor-element elementor-element-e548ea8 elementor-widget elementor-widget-the7_elements\" data-id=\"e548ea8\" data-element_type=\"widget\" data-e-type=\"widget\" data-widget_type=\"the7_elements.default\">\n\t\t\t\t<div class=\"elementor-widget-container\">\n\t\t\t\t\t<div class=\"portfolio-shortcode the7-elementor-widget the7_elements-e548ea8 mode-grid dt-css-grid-wrap classic-layout-list description-under-image quick-scale-img content-bg-on resize-by-browser-width loading-effect-none jquery-filter\" data-padding=\"15px\" data-mobile-columns-num=\"1\" data-tablet-columns-num=\"2\" data-desktop-columns-num=\"3\" data-wide-desktop-columns-num=\"3\" data-post-limit=\"-1\" data-pagination-mode=\"none\" data-scroll-offset=\"\" aria-live=\"assertive\"><div class=\"dt-css-grid custom-pagination-handler\"><div class=\"visible wf-cell\" data-post-id=\"309\" data-date=\"2024-03-11T12:02:53+00:00\" data-name=\"MBG - 01\"><article class=\"post visible post-309 dt_portfolio type-dt_portfolio status-publish has-post-thumbnail hentry dt_portfolio_category-bakir-serisi-masa-takimlari dt_portfolio_category-3 description-off\" data-name=\"MBG &#8211; 01\" data-date=\"2024-03-11T12:02:53+00:00\">\n\n\t<div class=\"post-thumbnail-wrap\">\n\t\t<div class=\"post-thumbnail\">\n\n\t\t\t<a class=\"post-thumbnail-rollover layzr-bg img-css-resize-wrapper\" aria-label=\"Post image\" href=\"https:\/\/www.bakirsanbarbeku.com\/index.php\/project\/mbg-01\/\"><img fetchpriority=\"high\" decoding=\"async\" width=\"1080\" height=\"1421\" src=\"data:image\/svg+xml,%3Csvg%20xmlns%3D&#039;http%3A%2F%2Fwww.w3.org%2F2000%2Fsvg&#039;%20viewBox%3D&#039;0%200%201080%201421&#039;%2F%3E\" class=\"attachment-full size-full preload-me aspect lazy lazy-load\" alt=\"\" sizes=\"(max-width: 1080px) 100vw, 1080px\" style=\"--ratio: 1080 \/ 1421;\" data-src=\"https:\/\/www.bakirsanbarbeku.com\/wp-content\/uploads\/2024\/03\/MBG-01-Large.png\" loading=\"eager\" data-srcset=\"https:\/\/www.bakirsanbarbeku.com\/wp-content\/uploads\/2024\/03\/MBG-01-Large.png 1080w, https:\/\/www.bakirsanbarbeku.com\/wp-content\/uploads\/2024\/03\/MBG-01-Large-228x300.png 228w, https:\/\/www.bakirsanbarbeku.com\/wp-content\/uploads\/2024\/03\/MBG-01-Large-778x1024.png 778w, https:\/\/www.bakirsanbarbeku.com\/wp-content\/uploads\/2024\/03\/MBG-01-Large-768x1010.png 768w\" \/><span class=\"the7-hover-icon\"><svg aria-hidden=\"true\" class=\"e-font-icon-svg e-fas-plus\" viewBox=\"0 0 448 512\" xmlns=\"http:\/\/www.w3.org\/2000\/svg\"><path d=\"M416 208H272V64c0-17.67-14.33-32-32-32h-32c-17.67 0-32 14.33-32 32v144H32c-17.67 0-32 14.33-32 32v32c0 17.67 14.33 32 32 32h144v144c0 17.67 14.33 32 32 32h32c17.67 0 32-14.33 32-32V304h144c17.67 0 32-14.33 32-32v-32c0-17.67-14.33-32-32-32z\"><\/path><\/svg><\/span><\/a>\n\t\t<\/div>\n\t<\/div>\n\n\n<div class=\"post-entry-content\">\n\n\t<h3 class=\"ele-entry-title\"><a href=\"https:\/\/www.bakirsanbarbeku.com\/index.php\/project\/mbg-01\/\" rel=\"bookmark\" title=\"MBG &#8211; 01\">MBG &#8211; 01<\/a><\/h3><div class=\"entry-meta\"><span class=\"meta-item category-link\"><a href=\"https:\/\/www.bakirsanbarbeku.com\/index.php\/project-category\/bakir-serisi-masa-takimlari\/\" rel=\"tag\">Bak\u0131r Serisi Masa Tak\u0131mlar\u0131<\/a><\/span><\/div><a href=\"https:\/\/www.bakirsanbarbeku.com\/index.php\/project\/mbg-01\/\" target=\"\" aria-label=\"Read more about MBG &#8211; 01\" class=\"box-button elementor-button elementor-size-xs\">\u0130ncele<\/a>\n<\/div><\/article><\/div><div class=\"visible wf-cell\" data-post-id=\"312\" data-date=\"2024-03-11T12:05:02+00:00\" data-name=\"MBG - 06\"><article class=\"post visible post-312 dt_portfolio type-dt_portfolio status-publish has-post-thumbnail hentry dt_portfolio_category-bakir-serisi-masa-takimlari dt_portfolio_category-3 description-off\" data-name=\"MBG &#8211; 06\" data-date=\"2024-03-11T12:05:02+00:00\">\n\n\t<div class=\"post-thumbnail-wrap\">\n\t\t<div class=\"post-thumbnail\">\n\n\t\t\t<a class=\"post-thumbnail-rollover layzr-bg img-css-resize-wrapper\" aria-label=\"Post image\" href=\"https:\/\/www.bakirsanbarbeku.com\/index.php\/project\/mbg-06\/\"><img decoding=\"async\" width=\"1080\" height=\"1406\" src=\"data:image\/svg+xml,%3Csvg%20xmlns%3D&#039;http%3A%2F%2Fwww.w3.org%2F2000%2Fsvg&#039;%20viewBox%3D&#039;0%200%201080%201406&#039;%2F%3E\" class=\"attachment-full size-full preload-me aspect lazy lazy-load\" alt=\"\" sizes=\"(max-width: 1080px) 100vw, 1080px\" style=\"--ratio: 1080 \/ 1406;\" data-src=\"https:\/\/www.bakirsanbarbeku.com\/wp-content\/uploads\/2024\/03\/MBG-06-Large.png\" loading=\"eager\" data-srcset=\"https:\/\/www.bakirsanbarbeku.com\/wp-content\/uploads\/2024\/03\/MBG-06-Large.png 1080w, https:\/\/www.bakirsanbarbeku.com\/wp-content\/uploads\/2024\/03\/MBG-06-Large-230x300.png 230w, https:\/\/www.bakirsanbarbeku.com\/wp-content\/uploads\/2024\/03\/MBG-06-Large-787x1024.png 787w, https:\/\/www.bakirsanbarbeku.com\/wp-content\/uploads\/2024\/03\/MBG-06-Large-768x1000.png 768w\" \/><span class=\"the7-hover-icon\"><svg aria-hidden=\"true\" class=\"e-font-icon-svg e-fas-plus\" viewBox=\"0 0 448 512\" xmlns=\"http:\/\/www.w3.org\/2000\/svg\"><path d=\"M416 208H272V64c0-17.67-14.33-32-32-32h-32c-17.67 0-32 14.33-32 32v144H32c-17.67 0-32 14.33-32 32v32c0 17.67 14.33 32 32 32h144v144c0 17.67 14.33 32 32 32h32c17.67 0 32-14.33 32-32V304h144c17.67 0 32-14.33 32-32v-32c0-17.67-14.33-32-32-32z\"><\/path><\/svg><\/span><\/a>\n\t\t<\/div>\n\t<\/div>\n\n\n<div class=\"post-entry-content\">\n\n\t<h3 class=\"ele-entry-title\"><a href=\"https:\/\/www.bakirsanbarbeku.com\/index.php\/project\/mbg-06\/\" rel=\"bookmark\" title=\"MBG &#8211; 06\">MBG &#8211; 06<\/a><\/h3><div class=\"entry-meta\"><span class=\"meta-item category-link\"><a href=\"https:\/\/www.bakirsanbarbeku.com\/index.php\/project-category\/bakir-serisi-masa-takimlari\/\" rel=\"tag\">Bak\u0131r Serisi Masa Tak\u0131mlar\u0131<\/a><\/span><\/div><a href=\"https:\/\/www.bakirsanbarbeku.com\/index.php\/project\/mbg-06\/\" target=\"\" aria-label=\"Read more about MBG &#8211; 06\" class=\"box-button elementor-button elementor-size-xs\">\u0130ncele<\/a>\n<\/div><\/article><\/div><div class=\"visible wf-cell\" data-post-id=\"315\" data-date=\"2024-03-11T12:06:52+00:00\" data-name=\"MBG - 08\"><article class=\"post visible post-315 dt_portfolio type-dt_portfolio status-publish has-post-thumbnail hentry dt_portfolio_category-bakir-serisi-masa-takimlari dt_portfolio_category-3 description-off\" data-name=\"MBG &#8211; 08\" data-date=\"2024-03-11T12:06:52+00:00\">\n\n\t<div class=\"post-thumbnail-wrap\">\n\t\t<div class=\"post-thumbnail\">\n\n\t\t\t<a class=\"post-thumbnail-rollover layzr-bg img-css-resize-wrapper\" aria-label=\"Post image\" href=\"https:\/\/www.bakirsanbarbeku.com\/index.php\/project\/mbg-08-2\/\"><img decoding=\"async\" width=\"1080\" height=\"1463\" src=\"data:image\/svg+xml,%3Csvg%20xmlns%3D&#039;http%3A%2F%2Fwww.w3.org%2F2000%2Fsvg&#039;%20viewBox%3D&#039;0%200%201080%201463&#039;%2F%3E\" class=\"attachment-full size-full preload-me aspect lazy lazy-load\" alt=\"\" sizes=\"(max-width: 1080px) 100vw, 1080px\" style=\"--ratio: 1080 \/ 1463;\" data-src=\"https:\/\/www.bakirsanbarbeku.com\/wp-content\/uploads\/2024\/03\/MBG-08-Large.png\" loading=\"eager\" data-srcset=\"https:\/\/www.bakirsanbarbeku.com\/wp-content\/uploads\/2024\/03\/MBG-08-Large.png 1080w, https:\/\/www.bakirsanbarbeku.com\/wp-content\/uploads\/2024\/03\/MBG-08-Large-221x300.png 221w, https:\/\/www.bakirsanbarbeku.com\/wp-content\/uploads\/2024\/03\/MBG-08-Large-756x1024.png 756w, https:\/\/www.bakirsanbarbeku.com\/wp-content\/uploads\/2024\/03\/MBG-08-Large-768x1040.png 768w\" \/><span class=\"the7-hover-icon\"><svg aria-hidden=\"true\" class=\"e-font-icon-svg e-fas-plus\" viewBox=\"0 0 448 512\" xmlns=\"http:\/\/www.w3.org\/2000\/svg\"><path d=\"M416 208H272V64c0-17.67-14.33-32-32-32h-32c-17.67 0-32 14.33-32 32v144H32c-17.67 0-32 14.33-32 32v32c0 17.67 14.33 32 32 32h144v144c0 17.67 14.33 32 32 32h32c17.67 0 32-14.33 32-32V304h144c17.67 0 32-14.33 32-32v-32c0-17.67-14.33-32-32-32z\"><\/path><\/svg><\/span><\/a>\n\t\t<\/div>\n\t<\/div>\n\n\n<div class=\"post-entry-content\">\n\n\t<h3 class=\"ele-entry-title\"><a href=\"https:\/\/www.bakirsanbarbeku.com\/index.php\/project\/mbg-08-2\/\" rel=\"bookmark\" title=\"MBG &#8211; 08\">MBG &#8211; 08<\/a><\/h3><div class=\"entry-meta\"><span class=\"meta-item category-link\"><a href=\"https:\/\/www.bakirsanbarbeku.com\/index.php\/project-category\/bakir-serisi-masa-takimlari\/\" rel=\"tag\">Bak\u0131r Serisi Masa Tak\u0131mlar\u0131<\/a><\/span><\/div><a href=\"https:\/\/www.bakirsanbarbeku.com\/index.php\/project\/mbg-08-2\/\" target=\"\" aria-label=\"Read more about MBG &#8211; 08\" class=\"box-button elementor-button elementor-size-xs\">\u0130ncele<\/a>\n<\/div><\/article><\/div><div class=\"visible wf-cell\" data-post-id=\"318\" data-date=\"2024-03-11T12:07:54+00:00\" data-name=\"OCB-B 2000 2500-3000\"><article class=\"post visible post-318 dt_portfolio type-dt_portfolio status-publish has-post-thumbnail hentry dt_portfolio_category-bakir-serisi-masa-takimlari dt_portfolio_category-3 description-off\" data-name=\"OCB-B 2000 2500-3000\" data-date=\"2024-03-11T12:07:54+00:00\">\n\n\t<div class=\"post-thumbnail-wrap\">\n\t\t<div class=\"post-thumbnail\">\n\n\t\t\t<a class=\"post-thumbnail-rollover layzr-bg img-css-resize-wrapper\" aria-label=\"Post image\" href=\"https:\/\/www.bakirsanbarbeku.com\/index.php\/project\/ocb-b-2000-2500-3000\/\"><img decoding=\"async\" width=\"1680\" height=\"1080\" src=\"data:image\/svg+xml,%3Csvg%20xmlns%3D&#039;http%3A%2F%2Fwww.w3.org%2F2000%2Fsvg&#039;%20viewBox%3D&#039;0%200%201680%201080&#039;%2F%3E\" class=\"attachment-full size-full preload-me aspect lazy lazy-load\" alt=\"\" sizes=\"(max-width: 1680px) 100vw, 1680px\" style=\"--ratio: 1680 \/ 1080;\" data-src=\"https:\/\/www.bakirsanbarbeku.com\/wp-content\/uploads\/2024\/03\/OCB-B-2000-2500-3000-Large.png\" loading=\"eager\" data-srcset=\"https:\/\/www.bakirsanbarbeku.com\/wp-content\/uploads\/2024\/03\/OCB-B-2000-2500-3000-Large.png 1680w, https:\/\/www.bakirsanbarbeku.com\/wp-content\/uploads\/2024\/03\/OCB-B-2000-2500-3000-Large-300x193.png 300w, https:\/\/www.bakirsanbarbeku.com\/wp-content\/uploads\/2024\/03\/OCB-B-2000-2500-3000-Large-1024x658.png 1024w, https:\/\/www.bakirsanbarbeku.com\/wp-content\/uploads\/2024\/03\/OCB-B-2000-2500-3000-Large-768x494.png 768w, https:\/\/www.bakirsanbarbeku.com\/wp-content\/uploads\/2024\/03\/OCB-B-2000-2500-3000-Large-1536x987.png 1536w\" \/><span class=\"the7-hover-icon\"><svg aria-hidden=\"true\" class=\"e-font-icon-svg e-fas-plus\" viewBox=\"0 0 448 512\" xmlns=\"http:\/\/www.w3.org\/2000\/svg\"><path d=\"M416 208H272V64c0-17.67-14.33-32-32-32h-32c-17.67 0-32 14.33-32 32v144H32c-17.67 0-32 14.33-32 32v32c0 17.67 14.33 32 32 32h144v144c0 17.67 14.33 32 32 32h32c17.67 0 32-14.33 32-32V304h144c17.67 0 32-14.33 32-32v-32c0-17.67-14.33-32-32-32z\"><\/path><\/svg><\/span><\/a>\n\t\t<\/div>\n\t<\/div>\n\n\n<div class=\"post-entry-content\">\n\n\t<h3 class=\"ele-entry-title\"><a href=\"https:\/\/www.bakirsanbarbeku.com\/index.php\/project\/ocb-b-2000-2500-3000\/\" rel=\"bookmark\" title=\"OCB-B 2000 2500-3000\">OCB-B 2000 2500-3000<\/a><\/h3><div class=\"entry-meta\"><span class=\"meta-item category-link\"><a href=\"https:\/\/www.bakirsanbarbeku.com\/index.php\/project-category\/bakir-serisi-masa-takimlari\/\" rel=\"tag\">Bak\u0131r Serisi Masa Tak\u0131mlar\u0131<\/a><\/span><\/div><a href=\"https:\/\/www.bakirsanbarbeku.com\/index.php\/project\/ocb-b-2000-2500-3000\/\" target=\"\" aria-label=\"Read more about OCB-B 2000 2500-3000\" class=\"box-button elementor-button elementor-size-xs\">\u0130ncele<\/a>\n<\/div><\/article><\/div><\/div><!-- iso-container|iso-grid --><\/div>\t\t\t\t<\/div>\n\t\t\t\t<\/div>\n\t\t\t\t\t<\/div>\n\t\t\t\t<\/div>\n\t\t\t\t<\/div>\n\t\t","protected":false},"excerpt":{"rendered":"<p>Bak\u0131r Serisi Masa Tak\u0131mlar\u0131 MBG &#8211; 01 Bak\u0131r Serisi Masa Tak\u0131mlar\u0131\u0130ncele MBG &#8211; 06 Bak\u0131r Serisi Masa Tak\u0131mlar\u0131\u0130ncele MBG &#8211; 08 Bak\u0131r Serisi Masa Tak\u0131mlar\u0131\u0130ncele OCB-B 2000 2500-3000 Bak\u0131r Serisi Masa Tak\u0131mlar\u0131\u0130ncele<\/p>\n","protected":false},"author":1,"featured_media":0,"parent":0,"menu_order":0,"comment_status":"closed","ping_status":"closed","template":"elementor_header_footer","meta":{"footnotes":""},"class_list":["post-479","page","type-page","status-publish","hentry","dt_portfolio_category-3","description-off"],"_links":{"self":[{"href":"https:\/\/www.bakirsanbarbeku.com\/index.php\/wp-json\/wp\/v2\/pages\/479","targetHints":{"allow":["GET"]}}],"collection":[{"href":"https:\/\/www.bakirsanbarbeku.com\/index.php\/wp-json\/wp\/v2\/pages"}],"about":[{"href":"https:\/\/www.bakirsanbarbeku.com\/index.php\/wp-json\/wp\/v2\/types\/page"}],"author":[{"embeddable":true,"href":"https:\/\/www.bakirsanbarbeku.com\/index.php\/wp-json\/wp\/v2\/users\/1"}],"replies":[{"embeddable":true,"href":"https:\/\/www.bakirsanbarbeku.com\/index.php\/wp-json\/wp\/v2\/comments?post=479"}],"version-history":[{"count":0,"href":"https:\/\/www.bakirsanbarbeku.com\/index.php\/wp-json\/wp\/v2\/pages\/479\/revisions"}],"wp:attachment":[{"href":"https:\/\/www.bakirsanbarbeku.com\/index.php\/wp-json\/wp\/v2\/media?parent=479"}],"curies":[{"name":"wp","href":"https:\/\/api.w.org\/{rel}","templated":true}]}}