{"id":487,"date":"2024-03-11T14:08:31","date_gmt":"2024-03-11T14:08:31","guid":{"rendered":"https:\/\/www.bakirsanbarbeku.com\/?page_id=487"},"modified":"2024-03-20T11:00:09","modified_gmt":"2024-03-20T11:00:09","slug":"findik-kabugu-komuru","status":"publish","type":"page","link":"https:\/\/www.bakirsanbarbeku.com\/index.php\/findik-kabugu-komuru\/","title":{"rendered":"F\u0131nd\u0131k Kabu\u011fu K\u00f6m\u00fcr\u00fc"},"content":{"rendered":"\t\t<div data-elementor-type=\"wp-page\" data-elementor-id=\"487\" class=\"elementor elementor-487\" data-elementor-post-type=\"page\">\n\t\t\t\t<div class=\"elementor-element elementor-element-e61d500 e-flex e-con-boxed e-con e-parent\" data-id=\"e61d500\" data-element_type=\"container\" data-e-type=\"container\" data-settings=\"{&quot;background_background&quot;:&quot;classic&quot;}\">\n\t\t\t\t\t<div class=\"e-con-inner\">\n\t\t\t\t<div class=\"elementor-element elementor-element-528757f elementor-widget elementor-widget-heading\" data-id=\"528757f\" data-element_type=\"widget\" data-e-type=\"widget\" data-widget_type=\"heading.default\">\n\t\t\t\t<div class=\"elementor-widget-container\">\n\t\t\t\t\t<h2 class=\"elementor-heading-title elementor-size-default\">F\u0131nd\u0131k Kabu\u011fu K\u00f6m\u00fcr\u00fc<\/h2>\t\t\t\t<\/div>\n\t\t\t\t<\/div>\n\t\t\t\t\t<\/div>\n\t\t\t\t<\/div>\n\t\t<div class=\"elementor-element elementor-element-9b7718c e-flex e-con-boxed e-con e-parent\" data-id=\"9b7718c\" data-element_type=\"container\" data-e-type=\"container\">\n\t\t\t\t\t<div class=\"e-con-inner\">\n\t\t\t\t<div class=\"elementor-element elementor-element-e548ea8 preserve-img-ratio-cover elementor-widget elementor-widget-the7_elements\" data-id=\"e548ea8\" data-element_type=\"widget\" data-e-type=\"widget\" data-widget_type=\"the7_elements.default\">\n\t\t\t\t<div class=\"elementor-widget-container\">\n\t\t\t\t\t<div class=\"portfolio-shortcode the7-elementor-widget the7_elements-e548ea8 mode-grid dt-css-grid-wrap classic-layout-list description-under-image quick-scale-img content-bg-on resize-by-browser-width loading-effect-none jquery-filter\" data-padding=\"15px\" data-mobile-columns-num=\"1\" data-tablet-columns-num=\"2\" data-desktop-columns-num=\"3\" data-wide-desktop-columns-num=\"3\" data-post-limit=\"-1\" data-pagination-mode=\"none\" data-scroll-offset=\"\" aria-live=\"assertive\"><div class=\"dt-css-grid custom-pagination-handler\"><div class=\"visible wf-cell\" data-post-id=\"98\" data-date=\"2024-03-08T12:47:23+00:00\" data-name=\"K\u00f6m\u00fcrler\"><article class=\"post visible post-98 dt_portfolio type-dt_portfolio status-publish has-post-thumbnail hentry dt_portfolio_category-findik-kabugu-komuru dt_portfolio_category-10 description-off\" data-name=\"K\u00f6m\u00fcrler\" data-date=\"2024-03-08T12:47:23+00:00\">\n\n\t<div class=\"post-thumbnail-wrap\">\n\t\t<div class=\"post-thumbnail\">\n\n\t\t\t<a class=\"post-thumbnail-rollover layzr-bg img-css-resize-wrapper\" aria-label=\"Post image\" href=\"https:\/\/www.bakirsanbarbeku.com\/index.php\/project\/komurler\/\"><img fetchpriority=\"high\" decoding=\"async\" width=\"1040\" height=\"1293\" src=\"data:image\/svg+xml,%3Csvg%20xmlns%3D&#039;http%3A%2F%2Fwww.w3.org%2F2000%2Fsvg&#039;%20viewBox%3D&#039;0%200%201040%201293&#039;%2F%3E\" class=\"attachment-full size-full preload-me aspect lazy lazy-load\" alt=\"\" sizes=\"(max-width: 1040px) 100vw, 1040px\" style=\"--ratio: 1040 \/ 1293;\" data-src=\"https:\/\/www.bakirsanbarbeku.com\/wp-content\/uploads\/2024\/03\/CUVAL.png\" loading=\"eager\" data-srcset=\"https:\/\/www.bakirsanbarbeku.com\/wp-content\/uploads\/2024\/03\/CUVAL.png 1040w, https:\/\/www.bakirsanbarbeku.com\/wp-content\/uploads\/2024\/03\/CUVAL-241x300.png 241w, https:\/\/www.bakirsanbarbeku.com\/wp-content\/uploads\/2024\/03\/CUVAL-824x1024.png 824w, https:\/\/www.bakirsanbarbeku.com\/wp-content\/uploads\/2024\/03\/CUVAL-768x955.png 768w\" \/><span class=\"the7-hover-icon\"><svg aria-hidden=\"true\" class=\"e-font-icon-svg e-fas-plus\" viewBox=\"0 0 448 512\" xmlns=\"http:\/\/www.w3.org\/2000\/svg\"><path d=\"M416 208H272V64c0-17.67-14.33-32-32-32h-32c-17.67 0-32 14.33-32 32v144H32c-17.67 0-32 14.33-32 32v32c0 17.67 14.33 32 32 32h144v144c0 17.67 14.33 32 32 32h32c17.67 0 32-14.33 32-32V304h144c17.67 0 32-14.33 32-32v-32c0-17.67-14.33-32-32-32z\"><\/path><\/svg><\/span><\/a>\n\t\t<\/div>\n\t<\/div>\n\n\n<div class=\"post-entry-content\">\n\n\t<h3 class=\"ele-entry-title\"><a href=\"https:\/\/www.bakirsanbarbeku.com\/index.php\/project\/komurler\/\" rel=\"bookmark\" title=\"K\u00f6m\u00fcrler\">K\u00f6m\u00fcrler<\/a><\/h3><div class=\"entry-meta\"><span class=\"meta-item category-link\"><a href=\"https:\/\/www.bakirsanbarbeku.com\/index.php\/project-category\/findik-kabugu-komuru\/\" rel=\"tag\">F\u0131nd\u0131k Kabu\u011fu K\u00f6m\u00fcr\u00fc<\/a><\/span><\/div><a href=\"https:\/\/www.bakirsanbarbeku.com\/index.php\/project\/komurler\/\" target=\"\" aria-label=\"Read more about K\u00f6m\u00fcrler\" class=\"box-button elementor-button elementor-size-xs\">\u0130ncele<\/a>\n<\/div><\/article><\/div><div class=\"visible wf-cell\" data-post-id=\"109\" data-date=\"2024-03-08T12:50:25+00:00\" data-name=\"K\u00f6z Haz\u0131rl\u0131k Kabini\"><article class=\"post visible post-109 dt_portfolio type-dt_portfolio status-publish has-post-thumbnail hentry dt_portfolio_category-findik-kabugu-komuru dt_portfolio_category-10 description-off\" data-name=\"K\u00f6z Haz\u0131rl\u0131k Kabini\" data-date=\"2024-03-08T12:50:25+00:00\">\n\n\t<div class=\"post-thumbnail-wrap\">\n\t\t<div class=\"post-thumbnail\">\n\n\t\t\t<a class=\"post-thumbnail-rollover layzr-bg img-css-resize-wrapper\" aria-label=\"Post image\" href=\"https:\/\/www.bakirsanbarbeku.com\/index.php\/project\/koz-hazirlik-kabini\/\"><img decoding=\"async\" width=\"777\" height=\"1600\" src=\"data:image\/svg+xml,%3Csvg%20xmlns%3D&#039;http%3A%2F%2Fwww.w3.org%2F2000%2Fsvg&#039;%20viewBox%3D&#039;0%200%20777%201600&#039;%2F%3E\" class=\"attachment-full size-full preload-me aspect lazy lazy-load\" alt=\"\" sizes=\"(max-width: 777px) 100vw, 777px\" style=\"--ratio: 777 \/ 1600;\" data-src=\"https:\/\/www.bakirsanbarbeku.com\/wp-content\/uploads\/2024\/03\/koz-hazirlik-kabini-1.png\" loading=\"eager\" data-srcset=\"https:\/\/www.bakirsanbarbeku.com\/wp-content\/uploads\/2024\/03\/koz-hazirlik-kabini-1.png 777w, https:\/\/www.bakirsanbarbeku.com\/wp-content\/uploads\/2024\/03\/koz-hazirlik-kabini-1-146x300.png 146w, https:\/\/www.bakirsanbarbeku.com\/wp-content\/uploads\/2024\/03\/koz-hazirlik-kabini-1-497x1024.png 497w, https:\/\/www.bakirsanbarbeku.com\/wp-content\/uploads\/2024\/03\/koz-hazirlik-kabini-1-768x1581.png 768w, https:\/\/www.bakirsanbarbeku.com\/wp-content\/uploads\/2024\/03\/koz-hazirlik-kabini-1-746x1536.png 746w\" \/><span class=\"the7-hover-icon\"><svg aria-hidden=\"true\" class=\"e-font-icon-svg e-fas-plus\" viewBox=\"0 0 448 512\" xmlns=\"http:\/\/www.w3.org\/2000\/svg\"><path d=\"M416 208H272V64c0-17.67-14.33-32-32-32h-32c-17.67 0-32 14.33-32 32v144H32c-17.67 0-32 14.33-32 32v32c0 17.67 14.33 32 32 32h144v144c0 17.67 14.33 32 32 32h32c17.67 0 32-14.33 32-32V304h144c17.67 0 32-14.33 32-32v-32c0-17.67-14.33-32-32-32z\"><\/path><\/svg><\/span><\/a>\n\t\t<\/div>\n\t<\/div>\n\n\n<div class=\"post-entry-content\">\n\n\t<h3 class=\"ele-entry-title\"><a href=\"https:\/\/www.bakirsanbarbeku.com\/index.php\/project\/koz-hazirlik-kabini\/\" rel=\"bookmark\" title=\"K\u00f6z Haz\u0131rl\u0131k Kabini\">K\u00f6z Haz\u0131rl\u0131k Kabini<\/a><\/h3><div class=\"entry-meta\"><span class=\"meta-item category-link\"><a href=\"https:\/\/www.bakirsanbarbeku.com\/index.php\/project-category\/findik-kabugu-komuru\/\" rel=\"tag\">F\u0131nd\u0131k Kabu\u011fu K\u00f6m\u00fcr\u00fc<\/a><\/span><\/div><a href=\"https:\/\/www.bakirsanbarbeku.com\/index.php\/project\/koz-hazirlik-kabini\/\" target=\"\" aria-label=\"Read more about K\u00f6z Haz\u0131rl\u0131k Kabini\" class=\"box-button elementor-button elementor-size-xs\">\u0130ncele<\/a>\n<\/div><\/article><\/div><div class=\"visible wf-cell\" data-post-id=\"116\" data-date=\"2024-03-08T12:52:44+00:00\" data-name=\"Paslanmaz Ta\u015f\u0131ma Kutusu\"><article class=\"post visible post-116 dt_portfolio type-dt_portfolio status-publish has-post-thumbnail hentry dt_portfolio_category-findik-kabugu-komuru dt_portfolio_category-10 description-off\" data-name=\"Paslanmaz Ta\u015f\u0131ma Kutusu\" data-date=\"2024-03-08T12:52:44+00:00\">\n\n\t<div class=\"post-thumbnail-wrap\">\n\t\t<div class=\"post-thumbnail\">\n\n\t\t\t<a class=\"post-thumbnail-rollover layzr-bg img-css-resize-wrapper\" aria-label=\"Post image\" href=\"https:\/\/www.bakirsanbarbeku.com\/index.php\/project\/paslanmaz-tasima-kutusu\/\"><img decoding=\"async\" width=\"777\" height=\"1600\" src=\"data:image\/svg+xml,%3Csvg%20xmlns%3D&#039;http%3A%2F%2Fwww.w3.org%2F2000%2Fsvg&#039;%20viewBox%3D&#039;0%200%20777%201600&#039;%2F%3E\" class=\"attachment-full size-full preload-me aspect lazy lazy-load\" alt=\"\" sizes=\"(max-width: 777px) 100vw, 777px\" style=\"--ratio: 777 \/ 1600;\" data-src=\"https:\/\/www.bakirsanbarbeku.com\/wp-content\/uploads\/2024\/03\/paslanmaz-tasima-kutusu-1.png\" loading=\"eager\" data-srcset=\"https:\/\/www.bakirsanbarbeku.com\/wp-content\/uploads\/2024\/03\/paslanmaz-tasima-kutusu-1.png 777w, https:\/\/www.bakirsanbarbeku.com\/wp-content\/uploads\/2024\/03\/paslanmaz-tasima-kutusu-1-146x300.png 146w, https:\/\/www.bakirsanbarbeku.com\/wp-content\/uploads\/2024\/03\/paslanmaz-tasima-kutusu-1-497x1024.png 497w, https:\/\/www.bakirsanbarbeku.com\/wp-content\/uploads\/2024\/03\/paslanmaz-tasima-kutusu-1-768x1581.png 768w, https:\/\/www.bakirsanbarbeku.com\/wp-content\/uploads\/2024\/03\/paslanmaz-tasima-kutusu-1-746x1536.png 746w\" \/><span class=\"the7-hover-icon\"><svg aria-hidden=\"true\" class=\"e-font-icon-svg e-fas-plus\" viewBox=\"0 0 448 512\" xmlns=\"http:\/\/www.w3.org\/2000\/svg\"><path d=\"M416 208H272V64c0-17.67-14.33-32-32-32h-32c-17.67 0-32 14.33-32 32v144H32c-17.67 0-32 14.33-32 32v32c0 17.67 14.33 32 32 32h144v144c0 17.67 14.33 32 32 32h32c17.67 0 32-14.33 32-32V304h144c17.67 0 32-14.33 32-32v-32c0-17.67-14.33-32-32-32z\"><\/path><\/svg><\/span><\/a>\n\t\t<\/div>\n\t<\/div>\n\n\n<div class=\"post-entry-content\">\n\n\t<h3 class=\"ele-entry-title\"><a href=\"https:\/\/www.bakirsanbarbeku.com\/index.php\/project\/paslanmaz-tasima-kutusu\/\" rel=\"bookmark\" title=\"Paslanmaz Ta\u015f\u0131ma Kutusu\">Paslanmaz Ta\u015f\u0131ma Kutusu<\/a><\/h3><div class=\"entry-meta\"><span class=\"meta-item category-link\"><a href=\"https:\/\/www.bakirsanbarbeku.com\/index.php\/project-category\/findik-kabugu-komuru\/\" rel=\"tag\">F\u0131nd\u0131k Kabu\u011fu K\u00f6m\u00fcr\u00fc<\/a><\/span><\/div><a href=\"https:\/\/www.bakirsanbarbeku.com\/index.php\/project\/paslanmaz-tasima-kutusu\/\" target=\"\" aria-label=\"Read more about Paslanmaz Ta\u015f\u0131ma Kutusu\" class=\"box-button elementor-button elementor-size-xs\">\u0130ncele<\/a>\n<\/div><\/article><\/div><\/div><!-- iso-container|iso-grid --><\/div>\t\t\t\t<\/div>\n\t\t\t\t<\/div>\n\t\t\t\t\t<\/div>\n\t\t\t\t<\/div>\n\t\t\t\t<\/div>\n\t\t","protected":false},"excerpt":{"rendered":"<p>F\u0131nd\u0131k Kabu\u011fu K\u00f6m\u00fcr\u00fc K\u00f6m\u00fcrler F\u0131nd\u0131k Kabu\u011fu K\u00f6m\u00fcr\u00fc\u0130ncele K\u00f6z Haz\u0131rl\u0131k Kabini F\u0131nd\u0131k Kabu\u011fu K\u00f6m\u00fcr\u00fc\u0130ncele Paslanmaz Ta\u015f\u0131ma Kutusu F\u0131nd\u0131k Kabu\u011fu K\u00f6m\u00fcr\u00fc\u0130ncele<\/p>\n","protected":false},"author":1,"featured_media":0,"parent":0,"menu_order":0,"comment_status":"closed","ping_status":"closed","template":"elementor_header_footer","meta":{"footnotes":""},"class_list":["post-487","page","type-page","status-publish","hentry","dt_portfolio_category-10","description-off"],"_links":{"self":[{"href":"https:\/\/www.bakirsanbarbeku.com\/index.php\/wp-json\/wp\/v2\/pages\/487","targetHints":{"allow":["GET"]}}],"collection":[{"href":"https:\/\/www.bakirsanbarbeku.com\/index.php\/wp-json\/wp\/v2\/pages"}],"about":[{"href":"https:\/\/www.bakirsanbarbeku.com\/index.php\/wp-json\/wp\/v2\/types\/page"}],"author":[{"embeddable":true,"href":"https:\/\/www.bakirsanbarbeku.com\/index.php\/wp-json\/wp\/v2\/users\/1"}],"replies":[{"embeddable":true,"href":"https:\/\/www.bakirsanbarbeku.com\/index.php\/wp-json\/wp\/v2\/comments?post=487"}],"version-history":[{"count":0,"href":"https:\/\/www.bakirsanbarbeku.com\/index.php\/wp-json\/wp\/v2\/pages\/487\/revisions"}],"wp:attachment":[{"href":"https:\/\/www.bakirsanbarbeku.com\/index.php\/wp-json\/wp\/v2\/media?parent=487"}],"curies":[{"name":"wp","href":"https:\/\/api.w.org\/{rel}","templated":true}]}}