{"id":491,"date":"2024-03-11T14:10:00","date_gmt":"2024-03-11T14:10:00","guid":{"rendered":"https:\/\/www.bakirsanbarbeku.com\/?page_id=491"},"modified":"2024-03-20T10:53:54","modified_gmt":"2024-03-20T10:53:54","slug":"gazli-mangal-masalar","status":"publish","type":"page","link":"https:\/\/www.bakirsanbarbeku.com\/index.php\/gazli-mangal-masalar\/","title":{"rendered":"Gazl\u0131 Mangal Masalar"},"content":{"rendered":"\t\t<div data-elementor-type=\"wp-page\" data-elementor-id=\"491\" class=\"elementor elementor-491\" data-elementor-post-type=\"page\">\n\t\t\t\t<div class=\"elementor-element elementor-element-e61d500 e-flex e-con-boxed e-con e-parent\" data-id=\"e61d500\" data-element_type=\"container\" data-e-type=\"container\" data-settings=\"{&quot;background_background&quot;:&quot;classic&quot;}\">\n\t\t\t\t\t<div class=\"e-con-inner\">\n\t\t\t\t<div class=\"elementor-element elementor-element-528757f elementor-widget elementor-widget-heading\" data-id=\"528757f\" data-element_type=\"widget\" data-e-type=\"widget\" data-widget_type=\"heading.default\">\n\t\t\t\t<div class=\"elementor-widget-container\">\n\t\t\t\t\t<h2 class=\"elementor-heading-title elementor-size-default\">Gazl\u0131 Mangal Masalar<\/h2>\t\t\t\t<\/div>\n\t\t\t\t<\/div>\n\t\t\t\t\t<\/div>\n\t\t\t\t<\/div>\n\t\t<div class=\"elementor-element elementor-element-9b7718c e-flex e-con-boxed e-con e-parent\" data-id=\"9b7718c\" data-element_type=\"container\" data-e-type=\"container\">\n\t\t\t\t\t<div class=\"e-con-inner\">\n\t\t\t\t<div class=\"elementor-element elementor-element-e548ea8 elementor-widget elementor-widget-the7_elements\" data-id=\"e548ea8\" data-element_type=\"widget\" data-e-type=\"widget\" data-widget_type=\"the7_elements.default\">\n\t\t\t\t<div class=\"elementor-widget-container\">\n\t\t\t\t\t<div class=\"portfolio-shortcode the7-elementor-widget the7_elements-e548ea8 mode-masonry classic-layout-list description-under-image quick-scale-img content-bg-on resize-by-browser-width loading-effect-none jquery-filter\" data-padding=\"15px\" data-mobile-columns-num=\"1\" data-tablet-columns-num=\"2\" data-desktop-columns-num=\"3\" data-wide-desktop-columns-num=\"3\" data-post-limit=\"-1\" data-pagination-mode=\"none\" data-scroll-offset=\"\" aria-live=\"assertive\"><div class=\"iso-container dt-isotope custom-iso-columns\"><div class=\"visible wf-cell iso-item\" data-post-id=\"455\" data-date=\"2024-03-11T13:21:15+00:00\" data-name=\"MM130 \u00c7ap - LPG Do\u011falgaz ROSE\"><article class=\"post visible post-455 dt_portfolio type-dt_portfolio status-publish has-post-thumbnail hentry dt_portfolio_category-gazli-mangal-masalar dt_portfolio_category-7 description-off\" data-name=\"MM130 \u00c7ap &#8211; LPG Do\u011falgaz ROSE\" data-date=\"2024-03-11T13:21:15+00:00\">\n\n\t<div class=\"post-thumbnail-wrap\">\n\t\t<div class=\"post-thumbnail\">\n\n\t\t\t<a class=\"post-thumbnail-rollover layzr-bg img-css-resize-wrapper\" aria-label=\"Post image\" href=\"https:\/\/www.bakirsanbarbeku.com\/index.php\/project\/mm130-cap-lpg-dogalgaz-rose\/\"><img fetchpriority=\"high\" decoding=\"async\" width=\"1080\" height=\"1350\" src=\"data:image\/svg+xml,%3Csvg%20xmlns%3D&#039;http%3A%2F%2Fwww.w3.org%2F2000%2Fsvg&#039;%20viewBox%3D&#039;0%200%201080%201350&#039;%2F%3E\" class=\"attachment-full size-full preload-me aspect lazy lazy-load\" alt=\"\" sizes=\"(max-width: 1080px) 100vw, 1080px\" style=\"--ratio: 1080 \/ 1350;\" data-src=\"https:\/\/www.bakirsanbarbeku.com\/wp-content\/uploads\/2024\/03\/MM130CAP-LPGDOGALGAZROSE-Large.png\" loading=\"eager\" data-srcset=\"https:\/\/www.bakirsanbarbeku.com\/wp-content\/uploads\/2024\/03\/MM130CAP-LPGDOGALGAZROSE-Large.png 1080w, https:\/\/www.bakirsanbarbeku.com\/wp-content\/uploads\/2024\/03\/MM130CAP-LPGDOGALGAZROSE-Large-240x300.png 240w, https:\/\/www.bakirsanbarbeku.com\/wp-content\/uploads\/2024\/03\/MM130CAP-LPGDOGALGAZROSE-Large-819x1024.png 819w, https:\/\/www.bakirsanbarbeku.com\/wp-content\/uploads\/2024\/03\/MM130CAP-LPGDOGALGAZROSE-Large-768x960.png 768w\" \/><span class=\"the7-hover-icon\"><svg aria-hidden=\"true\" class=\"e-font-icon-svg e-fas-plus\" viewBox=\"0 0 448 512\" xmlns=\"http:\/\/www.w3.org\/2000\/svg\"><path d=\"M416 208H272V64c0-17.67-14.33-32-32-32h-32c-17.67 0-32 14.33-32 32v144H32c-17.67 0-32 14.33-32 32v32c0 17.67 14.33 32 32 32h144v144c0 17.67 14.33 32 32 32h32c17.67 0 32-14.33 32-32V304h144c17.67 0 32-14.33 32-32v-32c0-17.67-14.33-32-32-32z\"><\/path><\/svg><\/span><\/a>\n\t\t<\/div>\n\t<\/div>\n\n\n<div class=\"post-entry-content\">\n\n\t<h3 class=\"ele-entry-title\"><a href=\"https:\/\/www.bakirsanbarbeku.com\/index.php\/project\/mm130-cap-lpg-dogalgaz-rose\/\" rel=\"bookmark\" title=\"MM130 \u00c7ap &#8211; LPG Do\u011falgaz ROSE\">MM130 \u00c7ap &#8211; LPG Do\u011falgaz ROSE<\/a><\/h3><div class=\"entry-meta\"><span class=\"meta-item category-link\"><a href=\"https:\/\/www.bakirsanbarbeku.com\/index.php\/project-category\/gazli-mangal-masalar\/\" rel=\"tag\">Gazl\u0131 Mangal Masalar<\/a><\/span><\/div><a href=\"https:\/\/www.bakirsanbarbeku.com\/index.php\/project\/mm130-cap-lpg-dogalgaz-rose\/\" target=\"\" aria-label=\"Read more about MM130 \u00c7ap &#8211; LPG Do\u011falgaz ROSE\" class=\"box-button elementor-button elementor-size-xs\">\u0130ncele<\/a>\n<\/div><\/article><\/div><div class=\"visible wf-cell iso-item\" data-post-id=\"449\" data-date=\"2024-03-11T13:19:09+00:00\" data-name=\"MM130 \u00c7ap - LPG Do\u011falgaz GREY\"><article class=\"post visible post-449 dt_portfolio type-dt_portfolio status-publish has-post-thumbnail hentry dt_portfolio_category-gazli-mangal-masalar dt_portfolio_category-7 description-off\" data-name=\"MM130 \u00c7ap &#8211; LPG Do\u011falgaz GREY\" data-date=\"2024-03-11T13:19:09+00:00\">\n\n\t<div class=\"post-thumbnail-wrap\">\n\t\t<div class=\"post-thumbnail\">\n\n\t\t\t<a class=\"post-thumbnail-rollover layzr-bg img-css-resize-wrapper\" aria-label=\"Post image\" href=\"https:\/\/www.bakirsanbarbeku.com\/index.php\/project\/mm130-cap-lpg-dogalgaz-grey\/\"><img decoding=\"async\" width=\"1080\" height=\"1350\" src=\"data:image\/svg+xml,%3Csvg%20xmlns%3D&#039;http%3A%2F%2Fwww.w3.org%2F2000%2Fsvg&#039;%20viewBox%3D&#039;0%200%201080%201350&#039;%2F%3E\" class=\"attachment-full size-full preload-me aspect lazy lazy-load\" alt=\"\" sizes=\"(max-width: 1080px) 100vw, 1080px\" style=\"--ratio: 1080 \/ 1350;\" data-src=\"https:\/\/www.bakirsanbarbeku.com\/wp-content\/uploads\/2024\/03\/MM130CAP-LPGDOGALGAZGREY-Large.png\" loading=\"eager\" data-srcset=\"https:\/\/www.bakirsanbarbeku.com\/wp-content\/uploads\/2024\/03\/MM130CAP-LPGDOGALGAZGREY-Large.png 1080w, https:\/\/www.bakirsanbarbeku.com\/wp-content\/uploads\/2024\/03\/MM130CAP-LPGDOGALGAZGREY-Large-240x300.png 240w, https:\/\/www.bakirsanbarbeku.com\/wp-content\/uploads\/2024\/03\/MM130CAP-LPGDOGALGAZGREY-Large-819x1024.png 819w, https:\/\/www.bakirsanbarbeku.com\/wp-content\/uploads\/2024\/03\/MM130CAP-LPGDOGALGAZGREY-Large-768x960.png 768w\" \/><span class=\"the7-hover-icon\"><svg aria-hidden=\"true\" class=\"e-font-icon-svg e-fas-plus\" viewBox=\"0 0 448 512\" xmlns=\"http:\/\/www.w3.org\/2000\/svg\"><path d=\"M416 208H272V64c0-17.67-14.33-32-32-32h-32c-17.67 0-32 14.33-32 32v144H32c-17.67 0-32 14.33-32 32v32c0 17.67 14.33 32 32 32h144v144c0 17.67 14.33 32 32 32h32c17.67 0 32-14.33 32-32V304h144c17.67 0 32-14.33 32-32v-32c0-17.67-14.33-32-32-32z\"><\/path><\/svg><\/span><\/a>\n\t\t<\/div>\n\t<\/div>\n\n\n<div class=\"post-entry-content\">\n\n\t<h3 class=\"ele-entry-title\"><a href=\"https:\/\/www.bakirsanbarbeku.com\/index.php\/project\/mm130-cap-lpg-dogalgaz-grey\/\" rel=\"bookmark\" title=\"MM130 \u00c7ap &#8211; LPG Do\u011falgaz GREY\">MM130 \u00c7ap &#8211; LPG Do\u011falgaz GREY<\/a><\/h3><div class=\"entry-meta\"><span class=\"meta-item category-link\"><a href=\"https:\/\/www.bakirsanbarbeku.com\/index.php\/project-category\/gazli-mangal-masalar\/\" rel=\"tag\">Gazl\u0131 Mangal Masalar<\/a><\/span><\/div><a href=\"https:\/\/www.bakirsanbarbeku.com\/index.php\/project\/mm130-cap-lpg-dogalgaz-grey\/\" target=\"\" aria-label=\"Read more about MM130 \u00c7ap &#8211; LPG Do\u011falgaz GREY\" class=\"box-button elementor-button elementor-size-xs\">\u0130ncele<\/a>\n<\/div><\/article><\/div><div class=\"visible wf-cell iso-item\" data-post-id=\"443\" data-date=\"2024-03-11T13:17:01+00:00\" data-name=\"MM130 \u00c7ap - LPG Do\u011falgaz BLACK\"><article class=\"post visible post-443 dt_portfolio type-dt_portfolio status-publish has-post-thumbnail hentry dt_portfolio_category-gazli-mangal-masalar dt_portfolio_category-7 description-off\" data-name=\"MM130 \u00c7ap &#8211; LPG Do\u011falgaz BLACK\" data-date=\"2024-03-11T13:17:01+00:00\">\n\n\t<div class=\"post-thumbnail-wrap\">\n\t\t<div class=\"post-thumbnail\">\n\n\t\t\t<a class=\"post-thumbnail-rollover layzr-bg img-css-resize-wrapper\" aria-label=\"Post image\" href=\"https:\/\/www.bakirsanbarbeku.com\/index.php\/project\/mm130-cap-lpg-dogalgaz-black\/\"><img decoding=\"async\" width=\"1080\" height=\"1350\" src=\"data:image\/svg+xml,%3Csvg%20xmlns%3D&#039;http%3A%2F%2Fwww.w3.org%2F2000%2Fsvg&#039;%20viewBox%3D&#039;0%200%201080%201350&#039;%2F%3E\" class=\"attachment-full size-full preload-me aspect lazy lazy-load\" alt=\"\" sizes=\"(max-width: 1080px) 100vw, 1080px\" style=\"--ratio: 1080 \/ 1350;\" data-src=\"https:\/\/www.bakirsanbarbeku.com\/wp-content\/uploads\/2024\/03\/MM130CAP-LPGDOGALGAZBLACK-Large.png\" loading=\"eager\" data-srcset=\"https:\/\/www.bakirsanbarbeku.com\/wp-content\/uploads\/2024\/03\/MM130CAP-LPGDOGALGAZBLACK-Large.png 1080w, https:\/\/www.bakirsanbarbeku.com\/wp-content\/uploads\/2024\/03\/MM130CAP-LPGDOGALGAZBLACK-Large-240x300.png 240w, https:\/\/www.bakirsanbarbeku.com\/wp-content\/uploads\/2024\/03\/MM130CAP-LPGDOGALGAZBLACK-Large-819x1024.png 819w, https:\/\/www.bakirsanbarbeku.com\/wp-content\/uploads\/2024\/03\/MM130CAP-LPGDOGALGAZBLACK-Large-768x960.png 768w\" \/><span class=\"the7-hover-icon\"><svg aria-hidden=\"true\" class=\"e-font-icon-svg e-fas-plus\" viewBox=\"0 0 448 512\" xmlns=\"http:\/\/www.w3.org\/2000\/svg\"><path d=\"M416 208H272V64c0-17.67-14.33-32-32-32h-32c-17.67 0-32 14.33-32 32v144H32c-17.67 0-32 14.33-32 32v32c0 17.67 14.33 32 32 32h144v144c0 17.67 14.33 32 32 32h32c17.67 0 32-14.33 32-32V304h144c17.67 0 32-14.33 32-32v-32c0-17.67-14.33-32-32-32z\"><\/path><\/svg><\/span><\/a>\n\t\t<\/div>\n\t<\/div>\n\n\n<div class=\"post-entry-content\">\n\n\t<h3 class=\"ele-entry-title\"><a href=\"https:\/\/www.bakirsanbarbeku.com\/index.php\/project\/mm130-cap-lpg-dogalgaz-black\/\" rel=\"bookmark\" title=\"MM130 \u00c7ap &#8211; LPG Do\u011falgaz BLACK\">MM130 \u00c7ap &#8211; LPG Do\u011falgaz BLACK<\/a><\/h3><div class=\"entry-meta\"><span class=\"meta-item category-link\"><a href=\"https:\/\/www.bakirsanbarbeku.com\/index.php\/project-category\/gazli-mangal-masalar\/\" rel=\"tag\">Gazl\u0131 Mangal Masalar<\/a><\/span><\/div><a href=\"https:\/\/www.bakirsanbarbeku.com\/index.php\/project\/mm130-cap-lpg-dogalgaz-black\/\" target=\"\" aria-label=\"Read more about MM130 \u00c7ap &#8211; LPG Do\u011falgaz BLACK\" class=\"box-button elementor-button elementor-size-xs\">\u0130ncele<\/a>\n<\/div><\/article><\/div><\/div><!-- iso-container|iso-grid --><\/div>\t\t\t\t<\/div>\n\t\t\t\t<\/div>\n\t\t\t\t\t<\/div>\n\t\t\t\t<\/div>\n\t\t\t\t<\/div>\n\t\t","protected":false},"excerpt":{"rendered":"<p>Gazl\u0131 Mangal Masalar MM130 \u00c7ap &#8211; LPG Do\u011falgaz ROSE Gazl\u0131 Mangal Masalar\u0130ncele MM130 \u00c7ap &#8211; LPG Do\u011falgaz GREY Gazl\u0131 Mangal Masalar\u0130ncele MM130 \u00c7ap &#8211; LPG Do\u011falgaz BLACK Gazl\u0131 Mangal Masalar\u0130ncele<\/p>\n","protected":false},"author":1,"featured_media":0,"parent":0,"menu_order":0,"comment_status":"closed","ping_status":"closed","template":"elementor_header_footer","meta":{"footnotes":""},"class_list":["post-491","page","type-page","status-publish","hentry","dt_portfolio_category-7","description-off"],"_links":{"self":[{"href":"https:\/\/www.bakirsanbarbeku.com\/index.php\/wp-json\/wp\/v2\/pages\/491","targetHints":{"allow":["GET"]}}],"collection":[{"href":"https:\/\/www.bakirsanbarbeku.com\/index.php\/wp-json\/wp\/v2\/pages"}],"about":[{"href":"https:\/\/www.bakirsanbarbeku.com\/index.php\/wp-json\/wp\/v2\/types\/page"}],"author":[{"embeddable":true,"href":"https:\/\/www.bakirsanbarbeku.com\/index.php\/wp-json\/wp\/v2\/users\/1"}],"replies":[{"embeddable":true,"href":"https:\/\/www.bakirsanbarbeku.com\/index.php\/wp-json\/wp\/v2\/comments?post=491"}],"version-history":[{"count":0,"href":"https:\/\/www.bakirsanbarbeku.com\/index.php\/wp-json\/wp\/v2\/pages\/491\/revisions"}],"wp:attachment":[{"href":"https:\/\/www.bakirsanbarbeku.com\/index.php\/wp-json\/wp\/v2\/media?parent=491"}],"curies":[{"name":"wp","href":"https:\/\/api.w.org\/{rel}","templated":true}]}}